0. What are the prime factors of (q - (-2 + 2))*18?
2, 3
List the prime factors of ((-119)/21)/((-1)/18).
2, 3, 17
Let m(t) = t**2 - 2*t - 5. Let v be m(4). Let h(c) = 4 - c**v - 3*c**2 + 4*c - 2 + 4. List the prime factors of h(-4).
2, 3
Let y(n) = -5*n**3 + 2*n**2 - 2*n + 1. Let m be y(1). Let w(z) = z**2 + 2*z. What are the prime factors of w(m)?
2
Let k = -16 + -2. Let l = k - -30. List the prime factors of l.
2, 3
Let m(g) = -g**2 - 20*g - 22. What are the prime factors of m(-18)?
2, 7
Suppose -3*p + 2*p = -5. Let d = 32 + p. What are the prime factors of d?
37
Let d = -9 - -3. Let b = d - -9. Suppose b + 30 = 3*q. What are the prime factors of q?
11
Suppose -2*m = -6*m - 2*w + 498, 5*m = 3*w + 628. List the prime factors of m.
5
Let p(n) = n**3 - 5*n**2 + 2*n - 6. Suppose -5 = 5*x - 6*x. List the prime factors of p(x).
2
Suppose -2*x = -x - 76. What are the prime factors of x?
2, 19
Suppose 0*b + 27 = 3*b. Let h be 3 - (2 + 0 - b). Suppose -2 = -2*g + h. What are the prime factors of g?
2, 3
Let k = -25 + 53. Suppose -3*n = -7*n + k. What are the prime factors of n?
7
Let s(c) = 2*c**2 - 3*c + 4. Let g be s(2). Let n(d) = 3*d**2 - 14*d - 3. List the prime factors of n(g).
3, 7
Let z(b) be the first derivative of 7*b**3/3 - b**2 - 2*b + 7. What are the prime factors of z(2)?
2, 11
Let z(x) be the second derivative of 3*x**2 + x + 0*x**3 - 7/12*x**4 + 0 + 1/20*x**5. List the prime factors of z(7).
2, 3
Let a = -128 - -226. What are the prime factors of a?
2, 7
Let h(a) be the first derivative of a**4/4 - a**3/3 + 16*a + 2. What are the prime factors of h(0)?
2
Suppose -3 + 0 = -k. Suppose -2*r + k*r = 26. List the prime factors of r.
2, 13
Suppose a = -n - 4*n + 400, 0 = -2*a + 10. What are the prime factors of n?
79
Suppose 2*h = 23 + 11. List the prime factors of h.
17
Suppose -22 = -5*x - f - 3*f, -5*x - 2 = -4*f. Suppose -5*m + 16 = -g + 3*g, 0 = x*g + 4*m - 16. What are the prime factors of g?
2
Let o(r) be the third derivative of 0 + r**3 + 5/24*r**4 - 1/20*r**5 + 0*r - 1/120*r**6 + 3*r**2. What are the prime factors of o(-4)?
2
Let o(j) = 3*j + 6. Suppose -i = -4*i + 33. What are the prime factors of o(i)?
3, 13
Suppose 3*q - 2*o - 69 + 12 = 0, -4*q - 3*o = -76. List the prime factors of q.
19
Suppose 5*s - 370 = -130. What are the prime factors of s?
2, 3
Let p be -2*2/8*2. What are the prime factors of 0 - -1 - (p + -8)?
2, 5
Let y = 4 - 3. Let h be 2/6 + (-112)/(-6). Suppose y = -3*b + 4*b + x, b = -5*x - h. What are the prime factors of b?
2, 3
Let l = 193 + -133. List the prime factors of l.
2, 3, 5
Let g(b) = 3*b - b**2 + b**3 - 2*b**3 + 13 - 2*b + 0*b**3. Suppose 2*p = 6*p. What are the prime factors of g(p)?
13
List the prime factors of (309/6)/((-2)/(-4)).
103
What are the prime factors of 7/((-3)/9*3/(-2))?
2, 7
Let l(p) = p**2 + 3*p + 10. List the prime factors of l(-6).
2, 7
Let g = -9 + 6. List the prime factors of g/(-12) + 199/4.
2, 5
Let g(u) = u**3 - 5*u**2 - u - 7. List the prime factors of g(6).
23
Let y be (-24)/30*(-15)/(-2). Let f(u) = u**2 - u - 12. What are the prime factors of f(y)?
2, 3, 5
Let s(b) = b - 2. What are the prime factors of s(5)?
3
What are the prime factors of 10*(1 + 4/(-8))?
5
Suppose -2*s = -4*d - 5*s + 140, -105 = -3*d - s. List the prime factors of d.
5, 7
Let a be ((-4)/12)/((-2)/6). What are the prime factors of 2 - -16*a - -1?
19
Let s = -4 - -8. Suppose s*o = 6*o - 8, -13 = -3*g - o. What are the prime factors of g?
3
Let r(f) = 10*f + 0*f - 1 + f - f**2 - 5. Let t be r(10). Suppose k + t - 24 = 0. What are the prime factors of k?
2, 5
Suppose 5*m = -2*b + 61, 2*b + b - 53 = -4*m. Let z be 6/10 - 4/(-10). Let s = z + m. List the prime factors of s.
2, 3
Let o be 2*(65/(-2))/(-5). Let c = 28 - o. What are the prime factors of c?
3, 5
Let c = 4 - 4. Suppose 5*o - i - 35 = 0, 2*o + o + 4*i + 2 = c. List the prime factors of o.
2, 3
Let k be (4 - 4) + 3 + 18. List the prime factors of (-7)/k + 116/6.
19
Let v(f) = -f**2 - 8*f + 7. Let u be -1 - (-2 - 0) - -31. Suppose -2*a + 6*a + u = 0. What are the prime factors of v(a)?
7
Let i be 3 + (-4 - (-2)/2). Suppose v - 29 = -i*v. What are the prime factors of v?
29
List the prime factors of -26*3/(3 + -6).
2, 13
Suppose 8*m = -35 + 283. List the prime factors of m.
31
Let u(n) = -27*n - 25. What are the prime factors of u(-4)?
83
Suppose -4*i + 7*i = 111. List the prime factors of i.
37
Suppose -4*u + 41 = -3*u. List the prime factors of u.
41
Suppose 0 = 2*s + 3*s - 180. List the prime factors of s.
2, 3
Let r(w) = -w**3 - 7*w**2 - 5*w + 6. Let y be r(-6). Suppose 30 = 5*v - 5*f, y*v = -4*v - 4*f - 8. Suppose 4 = 4*z - v*z. What are the prime factors of z?
2
What are the prime factors of (2 - -1) + -4 - -21?
2, 5
Let l(j) = -2*j + 59. What are the prime factors of l(0)?
59
Let s = -17 - -9. Let c = s + 21. What are the prime factors of c?
13
What are the prime factors of 3*(142/3 + 10/(-15))?
2, 5, 7
Suppose -2*f = -4, -5*y + f = -y - 10. Suppose -56 = -y*v + v. List the prime factors of v.
2, 7
List the prime factors of (-1324)/(-9) + 1 + (-50)/45.
3, 7
Let x(u) = u**2 + 6*u + 9. Let s(k) = k**2 + 3*k - 3. Let p be s(-5). Let v be 20/(-2) - (-21)/p. What are the prime factors of x(v)?
2
Suppose 11 - 1 = 2*c. Suppose 7*m = 3*s + 4*m - 66, -c*s - 2*m = -131. What are the prime factors of s?
5
Let o(v) = v**3 - 9*v**2 + v - 7. Suppose 0 = -c + 9. Let z be o(c). Suppose -3*t + r + 31 = -0*t, -z*t = -4*r - 34. What are the prime factors of t?
3
Let k(b) = 134*b**2 - 2. What are the prime factors of k(-1)?
2, 3, 11
Suppose 4*s - 60 = 3*s. List the prime factors of s.
2, 3, 5
Let s = 12 + -7. Suppose 5*w = s*y + 225, w - 21 = -3*y + 20. What are the prime factors of w?
2, 11
Suppose -5*a = -3*c - 5, 9 = 4*a - 2*c + 3. What are the prime factors of a?
2
Let v(z) = -z**2 - 10*z + 6. Let x be v(-6). Let j(h) = h - 2. Let m be j(4). Suppose -p = m*p - x. List the prime factors of p.
2, 5
Suppose 410 + 245 = 5*b. Suppose -b = -5*v + 159. List the prime factors of v.
2, 29
Let l(h) = 2*h**2 + 93. List the prime factors of l(0).
3, 31
Suppose 2*u + 31 = -o, -1 = -5*o - 16. List the prime factors of u/77 + (-664)/(-22).
2, 3, 5
Let b be 2/5 + (-44)/10. Let g be (-6)/33 - 258/33. Let m = b - g. What are the prime factors of m?
2
Let u(o) = -o**3 - 6*o**2 + 8*o + 5. Let x be u(-7). What are the prime factors of 4*((-15)/x)/5?
2, 3
Let h(l) = -2 - 4 + 0*l - 2*l + 1. List the prime factors of h(-4).
3
Let q = 157 - 69. What are the prime factors of q?
2, 11
Let h(n) = 15*n - 28. List the prime factors of h(7).
7, 11
Suppose -3*h = -5*y - 216 + 693, 0 = -3*y + 4*h + 284. What are the prime factors of y?
2, 3
Let r = -11 - -20. Let p(w) be the first derivative of -w**4/4 + 10*w**3/3 - 7*w**2/2 - 3*w - 2. List the prime factors of p(r).
3, 5
Suppose -3*w = -6*w + 138. What are the prime factors of w?
2, 23
Let b(i) = i**3 + 4*i**2 + 4*i + 2. Let s be b(-2). List the prime factors of ((-2)/s)/((-2)/16).
2
Let w(k) = -28*k + 1. Suppose -4*c + 0*c - 4 = 0. What are the prime factors of w(c)?
29
Let c(t) = 10*t - 5*t + 0 + 4*t + 1. What are the prime factors of c(2)?
19
Suppose -2*t + 409 = -3*v, -2*v - 3 = v. List the prime factors of t.
7, 29
What are the prime factors of 22 - -166 - (-1 + 2)?
11, 17
Let d(m) = -4*m**2 - 4*m**3 + 4 + 3*m + m**3 + 4*m**3. Suppose 9 = 3*x - 0. List the prime factors of d(x).
2
Let w be 598/18 + 4/(-18). Suppose -3*j = -54 - w. List the prime factors of j.
29
What are the prime factors of (-1)/((-7)/1647) + 20/(-70)?
5, 47
Suppose 2*i + 12 = 2*a, -i = -0 - 1. What are the prime factors of ((-32)/6)/(a/(-42))?
2
Let w = -15 - -64. List the prime factors of w.
7
Suppose -3*t + 185 = -2*t + 5*r, 0 = 4*t + r - 683. What are the prime factors of t?
2, 5, 17
Suppose 176 = 2*i - 0*i. Suppose 3*t + 28 = i. List the prime factors of t.
2, 5
Let s be 519/4 + (-5)/(-20). Suppose 22 = -4*q + s. What are the prime factors of q?
3
Let k = -36 - -51. Let v = k - -7. What are the prime factors of v?
2, 11
Suppose 6 = -5*u - 59. Let x = 26 + u. What are the prime factors of x?
13
Suppose -5*v + 635 = -3*k + 4*k, 655 = 5*v - 3*k. What are the prime factors of v?
2
Suppose 2*n = 2*i - 1 - 1, -4*n - 4*i = -36. Suppose u - 4*c = 1, u = -u - n*c + 38.